1?
2
What is the tens digit of 212781042?
4
What is the units digit of 53843724?
4
What is the tens digit of 844093930?
3
What is the ten thousands digit of 619222732?
2
What is the millions digit of 2595271831?
5
What is the tens digit of 4473909693?
9
What is the tens digit of 46372809?
0
What is the ten thousands digit of 1072102718?
0
What is the ten thousands digit of 486105486?
0
What is the ten millions digit of 534824485?
3
What is the thousands digit of 173866054?
6
What is the tens digit of 308662414?
1
What is the thousands digit of 115834240?
4
What is the hundred millions digit of 3659110503?
6
What is the hundred thousands digit of 456464313?
4
What is the ten thousands digit of 9210097?
1
What is the millions digit of 35928497?
5
What is the tens digit of 948261354?
5
What is the units digit of 1096415125?
5
What is the tens digit of 986272467?
6
What is the units digit of 1414888428?
8
What is the hundred thousands digit of 1003751433?
7
What is the hundred millions digit of 1393843573?
3
What is the tens digit of 179714246?
4
What is the units digit of 123994582?
2
What is the millions digit of 880233699?
0
What is the tens digit of 318093246?
4
What is the units digit of 58991702?
2
What is the hundreds digit of 39915892?
8
What is the thousands digit of 230487196?
7
What is the units digit of 538758091?
1
What is the ten thousands digit of 36991475?
9
What is the hundreds digit of 13469996?
9
What is the hundred thousands digit of 92678752?
6
What is the units digit of 907285537?
7
What is the hundred millions digit of 616852140?
6
What is the tens digit of 274403517?
1
What is the ten thousands digit of 114962260?
6
What is the hundred thousands digit of 99184025?
1
What is the hundred millions digit of 682541657?
6
What is the ten thousands digit of 1359981051?
8
What is the hundred thousands digit of 243142485?
1
What is the hundreds digit of 1781223799?
7
What is the hundreds digit of 34358749?
7
What is the hundred millions digit of 427357398?
4
What is the ten thousands digit of 3502815282?
1
What is the tens digit of 231427348?
4
What is the ten millions digit of 149606022?
4
What is the hundred thousands digit of 428131706?
1
What is the thousands digit of 40403757?
3
What is the billions digit of 2571441908?
2
What is the millions digit of 2484551626?
4
What is the units digit of 1924167997?
7
What is the hundred thousands digit of 1211368674?
3
What is the ten millions digit of 23636639?
2
What is the ten thousands digit of 47442913?
4
What is the ten thousands digit of 288863239?
6
What is the millions digit of 259653615?
9
What is the ten thousands digit of 33269294?
6
What is the billions digit of 2103901345?
2
What is the millions digit of 703711366?
3
What is the tens digit of 121506216?
1
What is the millions digit of 761730066?
1
What is the thousands digit of 33161027?
1
What is the hundreds digit of 2887657679?
6
What is the thousands digit of 936635980?
5
What is the units digit of 1955005753?
3
What is the hundred millions digit of 2566503772?
5
What is the tens digit of 14599333?
3
What is the billions digit of 1480276984?
1
What is the hundred millions digit of 768225182?
7
What is the millions digit of 7209637009?
9
What is the ten thousands digit of 619091602?
9
What is the millions digit of 7395412124?
5
What is the units digit of 1165869214?
4
What is the millions digit of 54868160?
4
What is the tens digit of 6961252?
5
What is the units digit of 1135164209?
9
What is the thousands digit of 44089338?
9
What is the ten millions digit of 10079431?
1
What is the hundred thousands digit of 2165706?
1
What is the thousands digit of 4200362471?
2
What is the tens digit of 420359382?
8
What is the millions digit of 39772167?
9
What is the units digit of 47387940?
0
What is the hundred thousands digit of 449570486?
5
What is the tens digit of 118307431?
3
What is the hundreds digit of 224018206?
2
What is the ten millions digit of 3992437370?
9
What is the millions digit of 288101523?
8
What is the thousands digit of 121274680?
4
What is the millions digit of 27955573?
7
What is the ten millions digit of 23381207?
2
What is the millions digit of 742647799?
2
What is the hundred millions digit of 4222977128?
2
What is the thousands digit of 30667058?
7
What is the thousands digit of 5341992?
1
What is the hundreds digit of 14862681?
6
What is the ten millions digit of 4535198794?
3
What is the ten millions digit of 72657035?
7
What is the millions digit of 686579980?
6
What is the hundred millions digit of 622630537?
6
What is the ten thousands digit of 585422416?
2
What is the millions digit of 55826425?
5
What is the hundred millions digit of 3380184347?
3
What is the tens digit of 1602473760?
6
What is the hundred thousands digit of 63019826?
0
What is the ten thousands digit of 138690302?
9
What is the ten thousands digit of 54465189?
6
What is the ten millions digit of 913557075?
1
What is the hundred thousands digit of 63679323?
6
What is the tens digit of 42501537?
3
What is the ten thousands digit of 463221884?
2
What is the ten thousands digit of 391941850?
4
What is the tens digit of 4112656814?
1
What is the hundreds digit of 16308203?
2
What is the hundred millions digit of 485236338?
4
What is the tens digit of 80882063?
6
What is the millions digit of 93301779?
3
What is the thousands digit of 5901615414?
5
What is the ten millions digit of 2896059696?
9
What is the units digit of 42983131?
1
What is the units digit of 274513047?
7
What is the units digit of 428958856?
6
What is the thousands digit of 1043439919?
9
What is the tens digit of 184460547?
4
What is the ten millions digit of 384070177?
8
What is the ten millions digit of 176558470?
7
What is the tens digit of 1109638324?
2
What is the units digit of 35076759?
9
What is the ten millions digit of 5044694361?
4
What is the millions digit of 13994001?
3
What is the thousands digit of 316324197?
4
What is the hundred thousands digit of 72152908?
1
What is the thousands digit of 97911050?
1
What is the hundred millions digit of 891481259?
8
What is the millions digit of 89729318?
9
What is the units digit of 1763239119?
9
What is the units digit of 193535068?
8
What is the hundreds digit of 437340094?
0
What is the units digit of 1696875696?
6
What is the millions digit of 22811900?
2
What is the hundred millions digit of 126427219?
1
What is the hundred millions digit of 6520663635?
5
What is the millions digit of 35079636?
5
What is the thousands digit of 14300996?
0
What is the thousands digit of 31875588?
5
What is the hundreds digit of 26911284?
2
What is the units digit of 43722736?
6
What is the units digit of 4461509218?
8
What is the millions digit of 2021265138?
1
What is the hundred thousands digit of 256746164?
7
What is the tens digit of 103719926?
2
What is the millions digit of 68021811?
8
What is the millions digit of 4505990558?
5
What is the millions digit of 972656594?
2
What is the units digit of 953602677?
7
What is the units digit of 12962146?
6
What is the ten thousands digit of 188331481?
3
What is the tens digit of 146468495?
9
What is the ten thousands digit of 478559466?
5
What is the tens digit of 3389839643?
4
What is the hundreds digit of 744196923?
9
What is the billions digit of 3120211889?
3
What is the hundred thousands digit of 1650035469?
0
What is the units digit of 55246213?
3
What is the tens digit of 940687064?
6
What is the hundred millions digit of 735829503?
7
What is the ten millions digit of 933236539?
3
What is the billions digit of 2541328749?
2
What is the ten thousands digit of 1620799231?
9
What is the millions digit of 100138177?
0
What is the millions digit of 281085030?
1
What is the ten millions digit of 240467145?
4
What is the hundreds digit of 71186941?
9
What is the hundred thousands digit of 49392949?
3
What is the ten millions digit of 923357804?
2
What is the ten millions digit of 125925229?
2
What is the hundred thousands digit of 460866628?
8
What is the thousands digit of 68699064?
9
What is the tens digit of 341868901?
0
What is the billions digit of 1948868562?
1
What is the ten thousands digit of 270798697?
9
What is the hundred millions digit of 3888575289?
8
What 